he remainder when 32 is divided by x(j)?
11
Suppose -3 = -r, 4*d - 2*r - 46 - 32 = 0. Suppose 47 + 881 = 8*f. What is the remainder when f is divided by d?
11
Suppose 4*r + 5*p - 1220 = 0, -4*r + 5*p + 1208 = 7*p. Suppose -69*k - r = -81*k. What is the remainder when k is divided by 12?
1
Let t = -15106 + 15345. What is the remainder when t is divided by 38?
11
Suppose 4*j = 3*u + 4025, 4*j - 2*j - u - 2015 = 0. Suppose 0 = -g, 11*o - 6*o = -3*g + j. Calculate the remainder when o is divided by 3/(-9)*-9*17.
49
Let b = -5077 + 5313. Calculate the remainder when b is divided by 45.
11
What is the remainder when 5796 is divided by (3 + -2)*204/96*8?
16
Calculate the remainder when 12*7 + 138 + -136 is divided by 13.
8
Let b(v) = -2*v**2 - 13*v + 482. What is the remainder when 46 is divided by b(-19)?
4
Let f(n) = 5*n**2 + 6*n + 53. Let t(y) = y**2 + 10*y + 17. Let a be t(-4). What is the remainder when f(a) is divided by 52?
48
Suppose -53 = -5*o - 4*t + 60, -3*o - 5*t + 73 = 0. Let l = 428 + -662. Let h = -133 - l. Calculate the remainder when h is divided by o.
17
Let g be 5/5 + (-2)/(-1). Suppose -286 = g*s - 29*s. Calculate the remainder when 138 is divided by s.
6
Let o(i) be the first derivative of 3*i**4/4 - 31*i**3/3 + 6*i**2 + 22*i + 187. What is the remainder when 246 is divided by o(10)?
36
Let g be (2 - -1) + 43 + 0. Suppose g = 7*d - 38. Suppose 0 = 3*n - 5*r - 120, 3*n + 14*r = 9*r + 150. Calculate the remainder when n is divided by d.
9
Suppose -1 + 19 = 3*p. Let n(z) = 7*z + 7 + 2 - p - 8. What is the remainder when n(6) is divided by 5?
2
Let n(p) = 13*p - 5. Let f be n(-5). Let k be (-2052)/(-14) - 30/f. Suppose 4*a + 31 = k. Calculate the remainder when 55 is divided by a.
26
Let u(b) = b**2 - 13*b + 27. Let f be u(11). Suppose -4*v + 86 = -f*m + 481, -4*m + 4*v = -320. Let z = -30 + m. What is the remainder when 178 is divided by z?
43
Let y(v) = 285*v - 127. What is the remainder when y(1) is divided by 6/3 + -1 + 39?
38
Let p(a) = -28*a + 71. Calculate the remainder when 176 is divided by p(1).
4
Suppose -5*u + 228 = 8. Suppose 2*o - u = -2*d, 2*d = -4*o + 59 + 35. Let i = -260 - -333. What is the remainder when i is divided by o?
23
Suppose -406*p - 378*p = -760*p - 288. Calculate the remainder when 1484 is divided by p.
8
Suppose -115*s = -117*s + 216. What is the remainder when s is divided by ((-42)/(-9))/((-28)/(-24) - 1)?
24
Let o be (22/6 + -2)/(10/(-1260)). Let u = o + 216. Let k(r) = -5*r**3 - 4*r**2 - r + 2. Calculate the remainder when k(-2) is divided by u.
4
Suppose 0*n = 3*n + 198. Let w = n + 63. Calculate the remainder when 148 is divided by (w + 21/5)*(33 + -8).
28
Let x be ((-4)/8 + 3 + -2)*-12. Let h be (-10 + 7)/(2/(80/x)). Suppose h*j - 75 = 15*j. What is the remainder when 88 is divided by j?
13
Suppose 0 = 2*h - 4*v - 180, -11*h + 8*h + 270 = 9*v. Calculate the remainder when h is divided by 45.
0
Let g = 55 - 20. What is the remainder when 208 is divided by (-14)/g*1065/(-6)?
66
Let s(l) = 329*l**3 + l**2 + 73*l - 73. Calculate the remainder when 601 is divided by s(1).
271
Let k = 97 + -51. What is the remainder when 7437/43 + 6 - 42/(-903) is divided by k?
41
Let a = 18193 + -18174. Calculate the remainder when 15826 is divided by a.
18
Let s(a) = a**3 - 13*a**2 - 4*a - 26. Let v be s(13). What is the remainder when (v/(-5))/(14/35) is divided by 8?
7
Let b(c) = 210*c**2 - 995*c + 3967. Calculate the remainder when b(4) is divided by 67.
64
Let h(x) = -x**3 - 4*x**2 + 3*x. Let o be h(-4). Let r(b) = -b**2 - 10*b - 20. Let f be r(o). What is the remainder when 69 is divided by 2*14 + f/11?
21
Suppose 5 = 8*t - 3. Let l be 5/t*(3 - 1/1). Suppose 163 = l*d - 247. Calculate the remainder when d is divided by 11.
8
Let b be ((-144)/32)/(-1 + 10/12). Let a = 37 - b. Let m(r) = 4*r - 31. What is the remainder when 78 is divided by m(a)?
6
Let o be (-6)/(-21) - (-122)/14. Suppose 4*s = 0, 2*s - 232 = -k + 5*s. What is the remainder when k is divided by 0 + 2/o + 3368/72?
44
Let x = -9548 - -3234. Calculate the remainder when x/(-44)*(2 - 0) is divided by 32.
31
Suppose 3*w - 6*w + s + 599 = 0, 0 = 5*w - s - 1001. What is the remainder when 726 is divided by w?
123
Suppose 253 = 2*p - h - 222, -4*p + h = -947. Suppose 5*b - 101 = -4*c + 153, 0*b = -5*b + 10. Calculate the remainder when p is divided by c.
53
Let a = 93387 + -93321. Suppose -5 = 4*f - 109. What is the remainder when a is divided by f?
14
Let s = 8 - -14. Suppose 3*r - 116 - s = 0. Suppose 0 = 3*i + 2*p - 114, 2*i + 4*p = 38 + r. Calculate the remainder when 178 is divided by i.
34
Let w = -3 - -9. Let v(p) = 194*p + 822. What is the remainder when v(-4) is divided by w?
4
What is the remainder when (-15 - -506) + -7 + 1 + -1 + 2 is divided by 29?
22
Suppose 5*i - 48*a - 3119 = -46*a, -5*i - 4*a = -3077. Calculate the remainder when i is divided by 81.
54
Suppose 3*j = -4*k + 115, 0 = 2*j - 13*k - 30 - 31. Calculate the remainder when 17056 is divided by j.
36
Suppose -379 = 4*i + 3*b, 0 = 2*i - 6*b + b + 157. Calculate the remainder when 73 is divided by (-3)/(-7) + -1 + (-3874)/i.
31
Let y(v) = 19 - 3*v + 55 - 20 - 15. What is the remainder when 74 is divided by y(8)?
14
Suppose 40 = 2*a + 2*a + 4*q, 3*a - 4*q = 44. Let k(h) = a*h + 1 + 10 - 12 + 11. What is the remainder when k(6) is divided by 28?
26
Suppose -3*i + 10 + 5 = 0. Suppose 70 = i*z - 10. What is the remainder when (-3 - (38 - 10))/(6/(-18)) is divided by z?
13
Let k = 9593 - 9584. What is the remainder when 4481 is divided by k?
8
Let n = -16066 - -16131. What is the remainder when 365 is divided by n?
40
Calculate the remainder when ((-6301)/12)/(-1) + (31 + 8)/(-468) is divided by 74.
7
Calculate the remainder when 28 is divided by 1/((-102)/(-24) + -4) + 22.
2
Suppose 10 = p + p. Suppose -p*q = 5*v - 55, -4*q - 8*v + 3*v = -48. Suppose q + 32 = 3*i. What is the remainder when 36 is divided by i?
10
Suppose -3*l - 422 = -4*b, 3*b - 218*l = -214*l + 327. Calculate the remainder when 1813 is divided by b.
96
Let q(z) = 883*z**2 + 15891*z - 30. Suppose 3*b + b - 372 = 0. Calculate the remainder when b is divided by q(-18).
21
Let g = 37535 - 37493. What is the remainder when 4577 is divided by g?
41
What is the remainder when 7433 is divided by (5 + -4 - -8)/(1 - 12/14)?
62
Suppose 0 = s + 6*s - s - 2286. Calculate the remainder when s is divided by 8.
5
Suppose 0 = 3*c - 4*f - 217 + 54, 4*c - f - 239 = 0. What is the remainder when (-5 - -1) + (4 - 18 - -190) is divided by c?
50
Suppose 9*c - 65 = 52. What is the remainder when 467 is divided by c?
12
Suppose -16*i + 11*i = -75. Calculate the remainder when (-132)/3*(i/(-6) - -1) is divided by 17.
15
What is the remainder when 248 - 31/((-310)/160) is divided by 14?
12
Let d(x) = 3*x**2 + 2*x + 5. Suppose -6*z - 628 + 3142 = 0. Suppose 11*q + z - 3862 = 0. What is the remainder when q is divided by d(-4)?
43
Let l = 78 - 75. Suppose -18 = -5*y - 4*u, y + l*u = -3*y + 14. Calculate the remainder when 114 is divided by (20 - -3) + (-1 - 1) + y.
22
Suppose 4*v + v - 35 = 0. Suppose 10 = v*p - 18. Suppose 2*k - p*k = -82. Calculate the remainder when k is divided by 6.
5
Let q = 7631 + -1705. Calculate the remainder when q is divided by 39.
37
Suppose -4*l = 1886*k - 1884*k - 2704, -4*l = -5*k + 6760. What is the remainder when k is divided by 198?
164
Suppose 9*h = 120 + 285. Let o be (46/(-6))/(12/72). Let y = o + 133. Calculate the remainder when y is divided by h.
42
Suppose -299925 = -74*a - 91*a - 50*a. What is the remainder when a is divided by 35?
30
Let b = -474 - -816. Let i = b + -310. Calculate the remainder when i is divided by 13.
6
What is the remainder when (-3*4/60)/(1/(-1955)) is divided by 66?
61
Suppose 16*b + 170 = 234. Suppose 18 = 6*r - 36. Calculate the remainder when r is divided by b.
1
Let d(s) = s**3 + 16*s**2 - 8*s + 9. Let u be d(-16). Let b = u - 83. What is the remainder when 203 is divided by b?
41
Calculate the remainder when (1/2 - 2)/((-270)/44820) is divided by 54.
33
Let p = 3573 - 3219. What is the remainder when p is divided by 119?
116
Suppose -3*o + 190 = 2*v, 609*o - 3*v - 165 = 606*o. What is the remainder when 4198 is divided by o?
58
Suppose -3*j + 3*p + 3 = -3, -15 = -4*j - 3*p.